- -16)) a prime number?
False
Let g = 40 - 31. Suppose -g*q + 12738 = -63411. Is q prime?
True
Let k be 10674/12 + 1/(-2). Suppose -5*a = -5, 0 = -4*j + 2*a + 2*a + 820. Suppose j = b + 4*s, 6*b + 3*s - k = 2*b. Is b a composite number?
True
Suppose 11*z - 127559 - 22481 = 0. Suppose 0 = 4*r - u - z, 4331 = 2*r + 4*u - 2471. Is r prime?
False
Is 37462545/36 - (8 + (-465)/60) composite?
True
Suppose 48*q - 79*q = -1171769. Is q a composite number?
False
Suppose -6038 = -30*o + 28*o. Is o prime?
True
Let h(a) = a**3 + 13*a**2 - 107. Is h(30) a composite number?
False
Suppose -4*d - 4*i = -5*d - 3022, 0 = 5*d + i + 15215. Let k = 1601 + d. Let x = 2028 + k. Is x composite?
False
Let f = 11988 - -4006. Suppose 4*r - f = 98. Is r/(3 - 0) + -4 composite?
True
Suppose 0 = -4*u - 5*p - 61 - 7, u = 3*p. Let j be 4/u - 56/(-6). Suppose 0 = -j*o - 0*o + 13509. Is o prime?
False
Let m be (90/(-12) + 8)*1842. Suppose -202*s = -199*s - m. Is s a composite number?
False
Suppose -5*d + 464189 + 71404 = 2*x, 3*d = -x + 267798. Suppose 84485 = 26*o - x. Is o a prime number?
False
Suppose -2*x = -3*d - d - 70, -76 = -2*x + 2*d. Let c = x + -38. Suppose -5*g - 20 = 0, 3*g = f + c*f - 360. Is f prime?
False
Let g(j) be the first derivative of 48 + 28/3*j**3 - 1/4*j**4 - 28*j**2 + 6*j. Is g(25) a composite number?
True
Let f(a) = 266*a**3 - 540*a**3 + 272*a**3 - 32*a - 13*a**2 + 10. Is f(-21) composite?
True
Let q(f) = f**3 + 30*f**2 + 54*f + 218. Is q(33) composite?
False
Let p(y) = 11259*y**2 + 2*y - 3. Let j be p(1). Suppose -3*z = 12, 2059 = -5*t + z + j. Suppose 7*v - 1290 = t. Is v a prime number?
False
Suppose 403*k - 408*k + 10 = 0. Is 55615/19 - 15/(285/k) a prime number?
True
Let z(o) = 504*o**2 + 62*o + 353. Is z(-8) a prime number?
False
Let x be (-2)/(-9) + 23188253/99. Suppose 31470 = -15*h + x. Is h prime?
False
Suppose 0 = 4*x + 14*p - 16*p - 352882, 0 = -x - 4*p + 88207. Is x a composite number?
True
Let i(b) = -53*b**3 - 26*b**2 - 40*b + 144. Is i(-37) a composite number?
False
Suppose -n - 1607*m + 1606*m = -445497, -n + 445545 = -5*m. Is n prime?
False
Suppose -3*x = 3*m, 0*m - m = 5*x. Suppose x = 2*c - 10, 2*n - 7356 = 5*c - 2591. Is n a composite number?
True
Let z be 1 + (12/6 - -52). Let u = 114 - z. Is u a composite number?
False
Suppose -93*n - 76598 = -789815. Is n a prime number?
True
Let z = -16735 + 37608. Is z a prime number?
True
Let y(l) = -273*l**3 + 11*l**2 - 57*l + 4. Let m be y(5). Let k = m + 61310. Is k a composite number?
False
Let x = -1191242 - -2279133. Is x a prime number?
False
Let p be -2*(1 - 0)/1. Let s(f) = -f**3 - f - 2. Let k be s(p). Suppose k*g - 805 = 3*g. Is g composite?
True
Let o(t) = -24 - 3 + 8*t - 65*t**2 + 71*t**2. Suppose -42 = 4*k + 5*q, 2*k + 7 + 1 = 4*q. Is o(k) prime?
True
Suppose 31739079 = -20*b + 55*b + 52*b. Is b a prime number?
False
Is (613*1)/(18 - 17) prime?
True
Suppose 4*k + k = q + 293, 0 = 5*k + 2*q - 284. Let h = k + -52. Let j(f) = 7*f**3 - 12*f**2 + 19*f + 7. Is j(h) a composite number?
False
Let l(b) = -b**3 - 8*b**2 + 14*b + 49. Let f be l(-9). Suppose 4*r + 3 = 5*r. Is r + -7 - (-7812)/f a composite number?
False
Suppose -241761 = -4*s + 25519. Suppose -16*f + s = 4*f. Is f a composite number?
True
Let g(j) = 66385*j - 256. Is g(3) a composite number?
False
Suppose -5*s = 3*a + 4, 3*a + 5*s = s - 2. Let d(x) = 136 + a*x + 129 + 124. Is d(0) composite?
False
Suppose 5270 = -2*b - 7552. Let i = -742 - b. Is i prime?
True
Suppose -21*a + 26*a - 15 = 0. Suppose -2*w - a*d + 33716 = 0, -w + 16859 = 6*d - 4*d. Is w prime?
False
Let k = -106678 + 149499. Is k a prime number?
True
Suppose -8*k + 56 = 32. Suppose z - u = 4333, k*z + u = 6*u + 12999. Is z a prime number?
False
Suppose -26 = -5*x + 139. Let r = 352 + x. Suppose 47*w = 42*w + r. Is w a prime number?
False
Let q(i) = -6681*i - 10. Suppose 37*s - 42*s - 5 = 0. Is q(s) prime?
False
Suppose 1866 - 126 = 6*s. Let n = 417 - s. Is n a composite number?
False
Let w = -41 - -43. Let f be 0/(((-20)/5)/w). Suppose f = -7*r - 106 + 365. Is r prime?
True
Let w(v) = -332*v - 106. Let t(h) = -111*h - 35. Let g(d) = -17*t(d) + 6*w(d). Is g(-4) a composite number?
False
Let l(u) = -40*u**2 + 64*u**3 + 1 + 34*u**2 + 70*u**3 - 4*u + 16*u. Is l(2) prime?
False
Is 2/7 + 11061012/84 - 8 prime?
True
Let d(l) = -17*l**3 + 9*l**2 - 4*l - 4. Let n be d(3). Let i = 2015 + n. Is i composite?
False
Suppose 1833 = -m - 777. Let q = -1757 - m. Is q a prime number?
True
Suppose -5*q - 6 = c - 5, -3*c + q + 77 = 0. Suppose 0 = -c*b - 45144 + 208896. Is b prime?
True
Let s = 804 + 350. Suppose 0 = 23*h - 82827 + s. Is h a composite number?
True
Suppose -6*l + 33 = 5*l. Suppose -2*v = l*v + 559665. Is 4/14 - v/63 prime?
True
Let g(n) = -n**2 - 2*n + 1165. Let i(v) = v**2 + v - 1165. Let b(a) = -2*g(a) - 3*i(a). Is b(0) composite?
True
Suppose -3*n = 4*n - 35. Suppose 0 = n*q - 1126 - 819. Is q a prime number?
True
Suppose 2*q - 75 = 17*q. Let b(t) = -558*t + 64. Is b(q) a composite number?
True
Is (163141200/585 - (-7)/(-1)) + (-8)/(-52) a prime number?
True
Let o(m) = 11009*m + 1316. Is o(9) prime?
False
Suppose -5*z - q = -1881866, 195*q - 197*q = z - 376375. Is z a prime number?
True
Is (-26 + (-2212644)/60)/(2*(-3)/30) a composite number?
False
Let n be (-5)/(70/(-4)) + (-216)/(-28). Suppose 20*g + n*g = 5684. Is g prime?
False
Is (-3 - 2/2)/(100/(-227875)) a composite number?
True
Let v = 113 + -103. Is (-2819 + 1 + -1)*(v - 11) a prime number?
True
Suppose -13*g + 600156 = -48453. Is g prime?
False
Suppose 1088 = -3*y + 35*y. Is (3091/2)/(17/y) a prime number?
False
Suppose -21*a + 24*a + 2*i = 2779369, -a = 2*i - 926447. Is a prime?
True
Is 0/1 + -2241970*(-9)/90 a prime number?
True
Let q be -4 - (4 - (-5 + 2561)). Suppose -66*x - q = -70*x. Suppose 0 = -4*c + 2657 - x. Is c composite?
True
Suppose -3*h + 7*h = -1000. Suppose 4*y + o = -4322, 3*y = -2*o - 1800 - 1439. Let l = h - y. Is l composite?
True
Suppose -688 = 2*z - 5*m - 3855, -2*m + 1588 = z. Let d = 5835 - z. Is d composite?
True
Is ((-4)/(-4))/(((-6)/(-84044))/((-12)/(-8))) composite?
False
Suppose 5*a + 1710 = 5*u, -5*a + 16 = 26. Suppose -m - 1848 + u = -4*l, 0 = 3*m. Is l composite?
True
Let i = -314804 - -733945. Is i a prime number?
True
Suppose 63 = q + 61. Suppose 2*w = 6*w, 3*x - q*w - 6 = 0. Suppose -i = -f - x*f - 2138, 2*i - f - 4301 = 0. Is i a composite number?
False
Is 3130253/49 - (1/(-14))/(3/12) composite?
True
Let c(q) = 5015*q + 871. Is c(38) prime?
True
Suppose 82*h + 45 = 73*h. Let b(w) be the second derivative of -2*w**5/5 - w**4/3 + 2*w**3 - 5*w**2/2 - w. Is b(h) a prime number?
False
Let p = 18314 - 12977. Let u(f) = -2*f - 2. Let n be u(-1). Suppose n = -4*v - 989 + p. Is v composite?
False
Let z(i) = 725*i**2 + 14*i - 212. Is z(-11) a composite number?
False
Let l = 180498 - 92515. Is l a composite number?
True
Let r be -2 + -3 - -9*5645/(-45). Let u = 10684 - 6991. Let a = u + r. Is a a prime number?
False
Let x(y) = 180*y**2 + 5*y - 14. Suppose 0*j + 4*j = 12. Is x(j) prime?
True
Let i be (-32)/(-18) + 10/45. Suppose -5*j + 18 = i*g, 0*g = -g + 4. Suppose -4*t = -3*k - 276, 0 = -3*k - j*k. Is t a prime number?
False
Let u(z) = z + 15. Let p be u(-12). Suppose -p*s = -2475 + 942. Suppose 4*w - s = 437. Is w a prime number?
False
Let t = -286390 + 430169. Is t a composite number?
False
Suppose 2*i + 5*i = 35. Suppose i*x - 65 = 4*p, 4*x - 4*p = p + 52. Is (-139524)/(-52) - 2/x a composite number?
False
Let c(b) = -37*b - 140. Let u be c(-4). Suppose 2*d = -4*o + 2*o - 8, 4*d = o + 4. Is 2*(596/u - d) prime?
True
Suppose -1577455 = -2*r - 12*r - 239013. Is r composite?
False
Let n be 8/2 + (-6 - 1868). Let a = n - -2880. Is ((-2)/1)/2 + a a composite number?
False
Is (6/(-4)*225629)/(24/(-16)) composite?
False
Let p(t) = 2672*t + 450. Is p(41) a composite number?
True
Let b be 7*(79 - 12)*(-12)/(-14). Let i be (-3 + 1)*(-2086)/4. Let r = i - b. Is r composite?
False
Let v(m) = 314*m + 69. Let w(d) = d. Let l(s) = -v(s) - 6*w(s). Is l(-5) composite?
False
Let w be (4/72*6)/((-1)/(-15)). Let s(x) = 22*x**3 + 3*x**2 + 13*x - 11. Is s(w) prime?
True
Let l = 180907 - 60060. Is l composite?
False
Suppose 5*b + 35 = 4*o, -17*b + 3 = -18*b. Is (o + (-8)/2)*(836 - -3) co